{"id":11534,"date":"2019-01-13T22:00:58","date_gmt":"2019-01-13T21:00:58","guid":{"rendered":"https:\/\/inde-hahn.de\/?page_id=11534"},"modified":"2023-12-31T15:57:14","modified_gmt":"2023-12-31T14:57:14","slug":"hahner-sommerfest-2019","status":"publish","type":"page","link":"https:\/\/indehahn.de\/?page_id=11534","title":{"rendered":"HAHNER SOMMERFEST 2019"},"content":{"rendered":"<p><img loading=\"lazy\" decoding=\"async\" class=\"wp-image-14173 size-medium alignright\" src=\"\/wp-content\/uploads\/2019\/06\/Sommerfest2019Gro\u00df-212x300.png\" alt=\"\" width=\"212\" height=\"300\" srcset=\"https:\/\/indehahn.de\/wp-content\/uploads\/2019\/06\/Sommerfest2019Gro\u00df-212x300.png 212w, https:\/\/indehahn.de\/wp-content\/uploads\/2019\/06\/Sommerfest2019Gro\u00df-724x1024.png 724w, https:\/\/indehahn.de\/wp-content\/uploads\/2019\/06\/Sommerfest2019Gro\u00df-106x150.png 106w, https:\/\/indehahn.de\/wp-content\/uploads\/2019\/06\/Sommerfest2019Gro\u00df-1086x1536.png 1086w, https:\/\/indehahn.de\/wp-content\/uploads\/2019\/06\/Sommerfest2019Gro\u00df-980x1386.png 980w, https:\/\/indehahn.de\/wp-content\/uploads\/2019\/06\/Sommerfest2019Gro\u00df.png 1191w\" sizes=\"auto, (max-width: 212px) 100vw, 212px\" \/><\/p>\n<p>Am Wochenende vom 28. &#8211; 30.06.2019 fanden im Rahmen des Hahner Sommerfestes wieder Feldturniere f\u00fcr Nachwuchsteams der Altersklassen U6 bis U13 statt. Leider musste mangels Anmeldungen das Turnier f\u00fcr den j\u00fcngeren E-Junioren Jahrgang 2009 ausfallen. Anstelle dessen wurden Einlagespiele f\u00fcr unsere E4-Junioren gegen Eintracht Kornelim\u00fcnster und f\u00fcr unsere C-Junioren gegen FC Stolberg eingebaut.<\/p>\n<p><!--<span class=\"AA-Link\"><a href=\"\/?page_id=11951\" target=\"_blank\" rel=\"noopener noreferrer\">HIER GEHT ES ZUR ANMELDUNG<\/a><\/span>--><\/p>\n<p><!--Wir brauchen auch in diesem Jahr wieder Eure tatkr\u00e4ftige Mithilfe!\nWenn Ihr bei der Durchf\u00fchrung oder mit Kuchenspenden helfen m\u00f6chtet, tragt Euch hier ein:\n<a href=\"\/Events\/Sommerfest\/dienste\/HelferAnmelden.php\"><img decoding=\"async\" src=\"\/Events\/Sommerfest\/dienste\/HelferAnmeldung.png\" alt=\"zur Helfer-Anmeldung\" height=\"36\"><\/a>&nbsp;&nbsp;&nbsp;<a href=\"?page_id=8905\"><img decoding=\"async\" src=\"\/Events\/Sommerfest\/dienste\/Kuchenliste.png\" alt=\"zur Kuchenliste\" height=\"36\"><\/a>--><br \/>\n<!-- Geplant sind Turniere f\u00fcr die folgenden Altersstufen:\n\n\n<ul>\n \t\n\n<li style=\"text-align: left;\">U13 - D-Junioren (U13): (2 Felder, 8 Teams \u00e1 9 Spieler)<\/li>\n\n\n \t\n\n<li style=\"text-align: left;\">U11 - E1-Junioren (2 Felder, 8 Teams \u00e1 9 Spieler)<\/li>\n\n\n \t\n\n<li style=\"text-align: left;\">U10 - E2-Junioren (4 Felder, bis zu 16 Teams, Schweizer System)<\/li>\n\n\n \t\n\n<li style=\"text-align: left;\">U9 - F1-Junioren (4 Felder, bis zu 16 Teams, Schweizer System)<\/li>\n\n\n \t\n\n<li style=\"text-align: left;\">U7 - F2-Junioren (4 Felder, bis zu 16 Teams, Schweizer System)<\/li>\n\n\n \t\n\n<li style=\"text-align: left;\">U6 - F2-Junioren (4 Felder, bis zu 16 Teams, Schweizer System)<\/li>\n\n\n<\/ul>\n\n\n--><\/p>\n<p>&nbsp;<\/p>\n<table cellspacing=\"0\" cellpadding=\"0\" border=\"0\">\n<tbody>\n<tr valign=\"TOP\" align=\"LEFT\">\n<td width=\"800\">\n<table style=\"width: 100%; border: 1px solid #eeeeee; background-color: #ffffff; cellspacing: 0; cellpadding: 0;\">\n<tbody>\n<tr align=\"CENTER\">\n<td>\n<h5><b>\u00dcBERSICHT<\/b><\/h5>\n<\/td>\n<td style=\"text-align: left;\">Teilnehmer: 30 Mannschaften<br \/>\n(Stand: 30.06.2019)<\/td>\n<\/tr>\n<tr>\n<td>\n<h5 style=\"text-align: center;\"><b>U6 \u2013 G2-Junioren<\/b><\/h5>\n<p style=\"text-align: center;\">Jahrgang 2013 und j\u00fcnger<br \/>\nSamstag, 29.06.2019<br \/>\n09:45 \u2013 12:00 Uhr<!--\n<span class=\"AA-Link\"><a href=\"\/Events\/Sommerfest\/2019\/U6_2019.pdf\" target=\"_blank\" rel=\"noopener noreferrer\">ERGEBNISSE<\/a><\/span>--><br \/>\n<span class=\"AA-Link\"><a href=\"https:\/\/www.meinturnierplan.de\/showit.php?id=1560671156&amp;setlang=de\" target=\"_blank\" rel=\"noopener noreferrer\">SPIELPLAN<\/a><\/span><\/td>\n<td>\n<ol>\n<li style=\"text-align: left;\">FC Inde Hahn<\/li>\n<li style=\"text-align: left;\">Blau-Wei\u00df Alsdorf<\/li>\n<li style=\"text-align: left;\">FC Eintracht Kornelim\u00fcnster<\/li>\n<li style=\"text-align: left;\">DJK Rasensport Brand<\/li>\n<li style=\"text-align: left;\">VfL 08 Vichttal<\/li>\n<\/ol>\n<\/td>\n<\/tr>\n<tr>\n<td>\n<h5 style=\"text-align: center;\"><b>U7 \u2013 G1-Junioren<\/b><\/h5>\n<p style=\"text-align: center;\">Jahrgang 2012<br \/>\nSamstag, 29.06.2019<br \/>\n12:45 \u2013 15:15 Uhr<!--\n<span class=\"AA-Link\"><a href=\"\/Events\/Sommerfest\/sommerfest\/2019\/U6_2019.pdf\" target=\"_blank\" rel=\"noopener noreferrer\">ERGEBNISSE<\/a><\/span>--><br \/>\n<span class=\"AA-Link\"><a href=\"https:\/\/www.meinturnierplan.de\/showit.php?id=1560669661&amp;setlang=de\" target=\"_blank\" rel=\"noopener noreferrer\">SPIELPLAN<\/a><\/span><\/td>\n<td>\n<ol>\n<li style=\"text-align: left;\">FC Inde Hahn<\/li>\n<li style=\"text-align: left;\">JFV Roetgen Rott<\/li>\n<li style=\"text-align: left;\">Gr\u00fcn-Wei\u00df Lichtenbusch<\/li>\n<li style=\"text-align: left;\">DJK Rasensport Brand<\/li>\n<li style=\"text-align: left;\">FC Eintracht Kornelim\u00fcnster<\/li>\n<li style=\"text-align: left;\">VfR W\u00fcrselen<\/li>\n<li style=\"text-align: left;\">JSC Blau Weiss Aachen<\/li>\n<\/ol>\n<\/td>\n<\/tr>\n<tr>\n<td>\n<h5 style=\"text-align: center;\"><b>U9 \u2013 F-Junioren<\/b><\/h5>\n<p style=\"text-align: center;\">Jahrgang 2010<br \/>\nSonntag, 30.06.2019<br \/>\n09:30 \u2013 12:00 Uhr<!--\n<span class=\"AA-Link\"><a href=\"\/Events\/Sommerfest\/2019\/U8_2019.pdf\" target=\"_blank\" rel=\"noopener noreferrer\">ERGEBNISSE<\/a><\/span>--><br \/>\n<span class=\"AA-Link\"><a href=\"https:\/\/www.meinturnierplan.de\/showit.php?id=1560638189&amp;setlang=de\" target=\"_blank\" rel=\"noopener noreferrer\">SPIELPLAN<\/a><\/span><\/td>\n<td>\n<ol>\n<li style=\"text-align: left;\">FC Inde Hahn 1<\/li>\n<li style=\"text-align: left;\">JFV Roetgen Rott<\/li>\n<li style=\"text-align: left;\">DJK Sportfreunde Dorff<\/li>\n<li style=\"text-align: left;\">FC Stolberg<\/li>\n<li style=\"text-align: left;\">DJK Rasensport Brand<\/li>\n<li style=\"text-align: left;\">FC Inde Hahn 2<\/li>\n<\/ol>\n<\/td>\n<\/tr>\n<tr>\n<td width=\"249\">\n<h5 style=\"text-align: center;\"><b>U11 \u2013 E1-Junioren<\/b><\/h5>\n<p style=\"text-align: center;\">Jahrgang 2008<br \/>\nSonntag, 30.06.2019<br \/>\n15:30 \u2013 18:30 Uhr<!--\n<span class=\"AA-Link\"><a href=\"\/Events\/Sommerfest\/2019\/U10_2019.pdf\" target=\"_blank\" rel=\"noopener noreferrer\">ERGEBNISSE<\/a><\/span>--><br \/>\n<span class=\"AA-Link\"><a href=\"https:\/\/www.meinturnierplan.de\/showit.php?id=1560637144&amp;setlang=de\" target=\"_blank\" rel=\"noopener noreferrer\">SPIELPLAN<\/a><\/span><\/td>\n<td width=\"513\">\n<ol>\n<li style=\"text-align: left;\">FC Inde Hahn 1<\/li>\n<li style=\"text-align: left;\">FC Inde Hahn 2<\/li>\n<li style=\"text-align: left;\">Sparta Bardenberg<\/li>\n<li style=\"text-align: left;\">JFV FC Eifel<\/li>\n<li style=\"text-align: left;\">SV Eilendorf<\/li>\n<\/ol>\n<\/td>\n<\/tr>\n<tr>\n<td width=\"249\">\n<h5 style=\"text-align: center;\"><b>U13 \u2013 D-Junioren<\/b><\/h5>\n<p style=\"text-align: center;\">Jahrgang 2006\/07<br \/>\nSamstag, 29.06.2019<br \/>\n16:00 \u2013 19:00 Uhr<!--\n<span class=\"AA-Link\"><a href=\"\/Events\/Sommerfest\/2019\/U11_2019.pdf\" target=\"_blank\" rel=\"noopener noreferrer\">ERGEBNISSE<\/a><\/span>--><br \/>\n<span class=\"AA-Link\"><a href=\"https:\/\/www.meinturnierplan.de\/showit.php?id=1561812863&amp;setlang=de\" target=\"_blank\" rel=\"noopener noreferrer\">SPIELPLAN<\/a><\/span><\/td>\n<td width=\"513\">\n<ol>\n<li style=\"text-align: left;\">FC Inde Hahn 1<\/li>\n<li style=\"text-align: left;\">FC Inde Hahn 2<\/li>\n<li style=\"text-align: left;\">SV Breinig<\/li>\n<li style=\"text-align: left;\">Alemannia Mariadorf<\/li>\n<li style=\"text-align: left;\">FC Inde Hahn 3<\/li>\n<li style=\"text-align: left;\">JSC Blau Wei\u00df Aachen<\/li>\n<li style=\"text-align: left;\">FC Eintracht Kornelim\u00fcnster<\/li>\n<\/ol>\n<\/td>\n<\/tr>\n<\/tbody>\n<\/table>\n<\/td>\n<\/tr>\n<\/tbody>\n<\/table>\n<h4>Weitere Informationen<\/h4>\n<ul>\n<li style=\"list-style-type: none;\">\n<ul>\n<li style=\"list-style-type: none;\">\n<ul><!--\n \t\n\n<li><a href=\"\/Events\/Sommerfest\/2019\/Einladung Sommerfest 2019.pdf\">Einladung<\/a><\/li>\n\n\n \t\n\n<li><a href=\"\/?p=11951\" target=\"_blank\" rel=\"noopener noreferrer\">ANMELDUNG<\/a><\/li>\n\n\n--><\/p>\n<li><a href=\"\/?page_id=12186\" target=\"_blank\" rel=\"noopener noreferrer\">FUN-Turnier<\/a><\/li>\n<\/ul>\n<\/li>\n<\/ul>\n<p><!--\n \t\n\n<li><a href=\"?page_id=8905\" target=\"_blank\" rel=\"noopener noreferrer\">Kuchen-Spenden<\/a><\/li>\n\n\n \t\n\n<li><a href=\"\/Events\/Sommerfest\/dienste\/HelferAnmelden.php\" target=\"_blank\" rel=\"noopener noreferrer\">Helferlisten<\/a><\/li>\n\n\n--><\/li>\n<\/ul>\n<p><!--\n \t\n\n<li><a href=\"\/Events\/Sommerfest\/Zeitplan2019.pdf\" target=\"_blank\" rel=\"noopener noreferrer\">Zeitplan<\/a><\/li>\n\n\n--><\/p>\n<div class=\"shariff\" data-title=\"HAHNER SOMMERFEST 2019\" data-info-url=\"http:\/\/ct.de\/-2467514\" data-backend-url=\"https:\/\/indehahn.de\/wp-content\/plugins\/shariff-sharing_UNUSED\/backend\/index.php\" data-temp=\"\/tmp\" data-ttl=\"60\" data-service=\"\" data-services='[\"facebook\",\"whatsapp\",\"mail\"]' data-image=\"https:\/\/indehahn.de\/\/wp-content\/uploads\/2019\/06\/Sommerfest2019Gro\u00df-212x300.png\" data-url=\"https:\/\/indehahn.de\/?page_id=11534\" data-lang=\"de\" data-theme=\"color\" data-orientation=\"horizontal\"><\/div>","protected":false},"excerpt":{"rendered":"<p>Am Wochenende vom 28. &#8211; 30.06.2019 fanden im Rahmen des Hahner Sommerfestes wieder Feldturniere f\u00fcr Nachwuchsteams der Altersklassen U6 bis U13 statt. Leider musste mangels Anmeldungen das Turnier f\u00fcr den j\u00fcngeren E-Junioren Jahrgang 2009&#46;&#46;&#46;<\/p>\n","protected":false},"author":6,"featured_media":0,"parent":11755,"menu_order":190,"comment_status":"closed","ping_status":"closed","template":"","meta":{"ngg_post_thumbnail":0,"footnotes":""},"class_list":["post-11534","page","type-page","status-publish","hentry"],"_links":{"self":[{"href":"https:\/\/indehahn.de\/index.php?rest_route=\/wp\/v2\/pages\/11534","targetHints":{"allow":["GET"]}}],"collection":[{"href":"https:\/\/indehahn.de\/index.php?rest_route=\/wp\/v2\/pages"}],"about":[{"href":"https:\/\/indehahn.de\/index.php?rest_route=\/wp\/v2\/types\/page"}],"author":[{"embeddable":true,"href":"https:\/\/indehahn.de\/index.php?rest_route=\/wp\/v2\/users\/6"}],"replies":[{"embeddable":true,"href":"https:\/\/indehahn.de\/index.php?rest_route=%2Fwp%2Fv2%2Fcomments&post=11534"}],"version-history":[{"count":38,"href":"https:\/\/indehahn.de\/index.php?rest_route=\/wp\/v2\/pages\/11534\/revisions"}],"predecessor-version":[{"id":16261,"href":"https:\/\/indehahn.de\/index.php?rest_route=\/wp\/v2\/pages\/11534\/revisions\/16261"}],"up":[{"embeddable":true,"href":"https:\/\/indehahn.de\/index.php?rest_route=\/wp\/v2\/pages\/11755"}],"wp:attachment":[{"href":"https:\/\/indehahn.de\/index.php?rest_route=%2Fwp%2Fv2%2Fmedia&parent=11534"}],"curies":[{"name":"wp","href":"https:\/\/api.w.org\/{rel}","templated":true}]}}