{"id":6395,"date":"2015-05-15T22:24:01","date_gmt":"2015-05-15T20:24:01","guid":{"rendered":"http:\/\/inde-hahn.de\/?page_id=6395"},"modified":"2020-11-03T11:40:16","modified_gmt":"2020-11-03T10:40:16","slug":"historie","status":"publish","type":"page","link":"https:\/\/indehahn.de\/?page_id=6395","title":{"rendered":"HISTORIE"},"content":{"rendered":"<p><a href=\"wp-content\/uploads\/2015\/05\/1922-WeldeVerein.jpg\" data-rel=\"lightbox-image-0\" data-rl_title=\"\" data-rl_caption=\"\" title=\"\"><img loading=\"lazy\" decoding=\"async\" src=\"wp-content\/uploads\/2015\/05\/1922-WeldeVerein.jpg\" alt=\"\" width=\"1280\" height=\"909\" class=\"size-full wp-image-6396\" srcset=\"https:\/\/indehahn.de\/wp-content\/uploads\/2015\/05\/1922-WeldeVerein.jpg 1280w, https:\/\/indehahn.de\/wp-content\/uploads\/2015\/05\/1922-WeldeVerein-300x213.jpg 300w, https:\/\/indehahn.de\/wp-content\/uploads\/2015\/05\/1922-WeldeVerein-1024x727.jpg 1024w, https:\/\/indehahn.de\/wp-content\/uploads\/2015\/05\/1922-WeldeVerein-200x142.jpg 200w, https:\/\/indehahn.de\/wp-content\/uploads\/2015\/05\/1922-WeldeVerein-980x696.jpg 980w\" sizes=\"auto, (max-width: 1280px) 100vw, 1280px\" \/><\/a><\/p>\n<hr \/>\n<p>Auf dieser Seite findest du eine umfangreiche Chronik unseres Vereins von den Vorkriegs- und Gr\u00fcnderjahren bis zum 50-j\u00e4hrigen Vereinsjubil\u00e4um im Jahre 1996. Die Dokumente sind sehr spannend zu lesen und enthalten einige historische Fotos.<br \/>F\u00fcr Vereinsmitglieder ist die Lekt\u00fcre dieser Seiten eigentlich ein Muss.<\/p>\n<p>Hier ist eine Liste von ausgew\u00e4hlten Dokumenten:<\/p>\n<ul>\n<li><a href=\"Verein\/Chronik\/Vorkriegsjahre.pdf\" target=\"_blank\" rel=\"noopener noreferrer\">VORKRIEGSJAHRE<\/a><\/li>\n<li><a href=\"Verein\/Chronik\/ChronikVerein.pdf\" target=\"_blank\" rel=\"noopener noreferrer\">ALLGEMEINE VEREINSCHRONIK<\/a><\/li>\n<li><a href=\"Verein\/Chronik\/SportlicheChronik.pdf\" target=\"_blank\" rel=\"noopener noreferrer\">SPORTLICHE CHRONIK<\/a><\/li>\n<li><a href=\"Verein\/Chronik\/Jugendabteilung.pdf\" target=\"_blank\" rel=\"noopener noreferrer\">JUGENDABTEILUNG<\/a><\/li>\n<li><a href=\"Verein\/Chronik\/Damenfussball.pdf\" target=\"_blank\" rel=\"noopener noreferrer\">DAMENFUSSBALL<\/a><\/li>\n<li><a href=\"Verein\/Chronik\/ZweiteMannschaft.pdf\" target=\"_blank\" rel=\"noopener noreferrer\">ZWEITE MANNSCHAFT<\/a><\/li>\n<li><a href=\"Verein\/Chronik\/FrauenFreizeitgruppe.pdf\" target=\"_blank\" rel=\"noopener noreferrer\">DAMEN-FREIZEITGRUPPE<\/a><\/li>\n<li><a href=\"Verein\/Chronik\/FreizeitsportDamenHerren.pdf\" target=\"_blank\" rel=\"noopener noreferrer\">FREIZEITSPORT DAMEN UND HERREN<\/a><\/li>\n<li><a href=\"Verein\/Chronik\/Tischtennisabteilung.pdf\" target=\"_blank\" rel=\"noopener noreferrer\">TISCHTENNIS<\/a><\/li>\n<\/ul>\n<hr \/>\n<p>Viele historische Aufnahmen findest du hier in unserer Fotogalerie: <a href=\"\/?page_id=14409\">HISTORISCHE BILDER<\/a><\/p>\n<div class=\"shariff\" data-title=\"HISTORIE\" data-info-url=\"http:\/\/ct.de\/-2467514\" data-backend-url=\"https:\/\/indehahn.de\/wp-content\/plugins\/shariff-sharing_UNUSED\/backend\/index.php\" data-temp=\"\/tmp\" data-ttl=\"60\" data-service=\"\" data-services='[\"facebook\",\"whatsapp\",\"mail\"]' data-image=\"https:\/\/indehahn.de\/wp-content\/uploads\/2015\/05\/1922-WeldeVerein.jpg\" data-url=\"https:\/\/indehahn.de\/?page_id=6395\" data-lang=\"de\" data-theme=\"color\" data-orientation=\"horizontal\"><\/div>","protected":false},"excerpt":{"rendered":"<p>Auf dieser Seite findest du eine umfangreiche Chronik unseres Vereins von den Vorkriegs- und Gr\u00fcnderjahren bis zum 50-j\u00e4hrigen Vereinsjubil\u00e4um im Jahre 1996. Die Dokumente sind sehr spannend zu lesen und enthalten einige historische Fotos.F\u00fcr&#46;&#46;&#46;<\/p>\n","protected":false},"author":1,"featured_media":0,"parent":998,"menu_order":0,"comment_status":"closed","ping_status":"closed","template":"","meta":{"ngg_post_thumbnail":0,"footnotes":""},"class_list":["post-6395","page","type-page","status-publish","hentry"],"_links":{"self":[{"href":"https:\/\/indehahn.de\/index.php?rest_route=\/wp\/v2\/pages\/6395","targetHints":{"allow":["GET"]}}],"collection":[{"href":"https:\/\/indehahn.de\/index.php?rest_route=\/wp\/v2\/pages"}],"about":[{"href":"https:\/\/indehahn.de\/index.php?rest_route=\/wp\/v2\/types\/page"}],"author":[{"embeddable":true,"href":"https:\/\/indehahn.de\/index.php?rest_route=\/wp\/v2\/users\/1"}],"replies":[{"embeddable":true,"href":"https:\/\/indehahn.de\/index.php?rest_route=%2Fwp%2Fv2%2Fcomments&post=6395"}],"version-history":[{"count":11,"href":"https:\/\/indehahn.de\/index.php?rest_route=\/wp\/v2\/pages\/6395\/revisions"}],"predecessor-version":[{"id":16259,"href":"https:\/\/indehahn.de\/index.php?rest_route=\/wp\/v2\/pages\/6395\/revisions\/16259"}],"up":[{"embeddable":true,"href":"https:\/\/indehahn.de\/index.php?rest_route=\/wp\/v2\/pages\/998"}],"wp:attachment":[{"href":"https:\/\/indehahn.de\/index.php?rest_route=%2Fwp%2Fv2%2Fmedia&parent=6395"}],"curies":[{"name":"wp","href":"https:\/\/api.w.org\/{rel}","templated":true}]}}